850425 and 10.
5
What is the highest common factor of 50026524 and 8604?
2868
Calculate the highest common factor of 138 and 344014887.
69
Calculate the highest common divisor of 473 and 12907224.
473
Calculate the greatest common divisor of 598572 and 11076.
156
Calculate the highest common factor of 680755 and 296695.
865
Calculate the greatest common divisor of 1088 and 7663936.
64
What is the highest common divisor of 49530 and 167384730?
3810
What is the greatest common divisor of 33283200 and 1872?
48
What is the highest common divisor of 183684058 and 76?
38
Calculate the greatest common divisor of 12936854 and 112.
14
What is the greatest common factor of 231 and 59616732?
21
Calculate the greatest common divisor of 54460608 and 6264.
696
What is the greatest common divisor of 4623 and 578979?
69
What is the greatest common divisor of 230 and 497041477?
23
What is the highest common factor of 1049106209 and 2462?
1231
What is the greatest common divisor of 12287100 and 1260?
420
What is the greatest common factor of 96 and 32706848?
32
Calculate the highest common factor of 687 and 47758179.
687
Calculate the highest common divisor of 232745377 and 346.
173
Calculate the highest common factor of 18 and 49575.
3
What is the greatest common factor of 140000 and 2151520?
1120
Calculate the greatest common factor of 5791378 and 1.
1
What is the highest common factor of 182588 and 3206?
14
What is the highest common divisor of 2292 and 76035954?
1146
What is the greatest common factor of 3696 and 692024?
8
Calculate the highest common factor of 600085932 and 4596.
4596
What is the highest common divisor of 238804 and 779972?
908
Calculate the highest common factor of 858 and 116248.
22
Calculate the highest common divisor of 339824815 and 24140.
6035
What is the greatest common factor of 29050344 and 2610?
522
Calculate the highest common divisor of 656 and 67864.
8
Calculate the highest common factor of 7144 and 19403864.
152
What is the greatest common divisor of 48 and 5823786?
6
What is the highest common factor of 22261 and 249391?
113
Calculate the greatest common divisor of 1584 and 52641.
9
Calculate the greatest common factor of 1583796318 and 3666.
3666
Calculate the greatest common divisor of 15882790 and 8162.
154
Calculate the highest common divisor of 23056 and 9232.
16
Calculate the highest common factor of 11804594 and 12448.
778
Calculate the highest common divisor of 1686 and 63750.
6
Calculate the highest common factor of 1472 and 41547384.
184
What is the greatest common factor of 435 and 1189203?
87
What is the greatest common divisor of 174 and 54238062?
174
What is the highest common divisor of 14875777 and 14?
7
Calculate the greatest common factor of 154858 and 7832.
22
What is the highest common factor of 3942 and 253278?
18
Calculate the greatest common factor of 769 and 46725209.
769
What is the highest common factor of 7326 and 730932114?
2442
Calculate the greatest common factor of 6580 and 3879925.
35
Calculate the greatest common factor of 169683585 and 570.
285
What is the highest common factor of 42 and 55024998?
42
What is the greatest common divisor of 13356 and 10764432?
252
Calculate the highest common divisor of 3903639 and 63288.
879
Calculate the highest common divisor of 18901600 and 2720.
160
Calculate the greatest common divisor of 135271467 and 1899.
1899
Calculate the greatest common divisor of 3319093 and 94.
47
What is the highest common divisor of 1630 and 1101444790?
1630
What is the highest common divisor of 1013610 and 226?
226
Calculate the greatest common divisor of 253529 and 524423.
3473
Calculate the greatest common factor of 731 and 1712733.
731
Calculate the greatest common divisor of 195723 and 5776135.
659
Calculate the greatest common factor of 427836284 and 10364.
10364
Calculate the greatest common divisor of 745 and 8855219.
149
Calculate the highest common factor of 2181770 and 270.
10
Calculate the greatest common factor of 395 and 284595525.
395
Calculate the greatest common divisor of 37076 and 468832.
1196
What is the greatest common factor of 24243906 and 16890?
3378
What is the greatest common factor of 2130 and 28611580?
710
What is the greatest common divisor of 12025 and 22192600?
925
What is the greatest common factor of 23530 and 19096948?
4706
What is the highest common factor of 72137 and 22723?
31
Calculate the highest common divisor of 37224 and 189288.
792
What is the highest common divisor of 259 and 5267857?
7
What is the greatest common divisor of 1464218910 and 756?
378
What is the highest common divisor of 1300883 and 4181?
37
What is the greatest common divisor of 1258369 and 92659?
2989
What is the highest common divisor of 78 and 93242955?
39
Calculate the highest common factor of 55494 and 24138.
18
What is the highest common divisor of 1885 and 1803191?
377
What is the highest common factor of 140 and 3243632?
28
Calculate the highest common factor of 29842800 and 832.
208
What is the greatest common factor of 7356126 and 7512?
1878
What is the greatest common factor of 4678478 and 70?
14
Calculate the highest common factor of 32063725 and 575.
575
Calculate the highest common factor of 306 and 20268.
18
Calculate the highest common factor of 80622 and 1227258.
54
What is the greatest common divisor of 61275 and 19421325?
1425
Calculate the greatest common factor of 2068356497 and 499.
499
Calculate the highest common factor of 59937105 and 20525.
4105
Calculate the greatest common factor of 2208 and 42902268.
276
Calculate the highest common divisor of 6316301 and 102343.
1931
Calculate the highest common divisor of 48158 and 336708.
398
What is the greatest common factor of 622 and 13196663?
311
Calculate the highest common factor of 181353 and 319701.
183
Calculate the highest common factor of 21540 and 6350.
10
Calculate the highest common divisor of 156712 and 3971.
19
Calculate the highest common factor of 238855 and 32079265.
10385
What is the greatest common factor of 3337 and 59333693?
47
What is the greatest common factor of 36890 and 38750?
310
Calculate the greatest common divisor of 346 and 240580547.
173
Calculate the greatest common divisor of 440 and 26556200.
440
Calculate the highest common factor of 2613 and 252226.
13
What is the highest common factor of 276 and 234714?
6
Calculate the greatest common divisor of 306 and 19847058.
102
What is the greatest common divisor of 9240 and 75341640?
1320
Calculate the greatest common divisor of 58116061 and 5444.
1361
What is the greatest common divisor of 15975 and 9710244?
639
What is the highest common divisor of 17131560 and 120?
120
Calculate the greatest common divisor of 4844012 and 551.
19
Calculate the highest common factor of 84255 and 465555.
615
Calculate the highest common factor of 25998 and 27900187.
4333
What is the highest common factor of 16 and 308649680?
16
What is the highest common factor of 6360549 and 377?
13
What is the highest common factor of 693 and 4073751?
99
Calculate the greatest common factor of 3000816 and 44464.
112
What is the greatest common divisor of 234 and 4720859?
13
What is the highest common factor of 2246 and 151695963?
1123
Calculate the highest common factor of 140 and 1765460.
20
Calculate the highest common divisor of 10925040 and 1858.
1858
What is the greatest common factor of 2108 and 919904?
68
Calculate the highest common divisor of 438145471 and 4097.
4097
What is the greatest common divisor of 96 and 1282608?
48
Calculate the greatest common factor of 52307249 and 119.
17
Calculate the highest common factor of 50 and 359217225.
25
What is the highest common factor of 2217 and 6862354?
739
What is the highest common divisor of 38652 and 23352?
12
What is the greatest common factor of 3827 and 2051831?
43
What is the highest common divisor of 506 and 41173726?
506
What is the greatest common divisor of 19227 and 17139?
87
What is the highest common factor of 22715 and 3443240?
295
What is the highest common divisor of 331223576 and 16?
8
What is the highest common factor of 88 and 18966706?
22
What is the highest common divisor of 122 and 1024496464?
122
Calculate the highest common factor of 309853056 and 4224.
384
Calculate the h